+ -8 + 18?
3
What is the value of 4 - (10 + -6 + 3)?
-3
Evaluate -3 + 9 + -7 + 5.
4
Evaluate (-8 - (-5 + -5)) + (1 - 0).
3
What is the value of 2 + -10 - (-64 - -62)?
-6
-1 + 0 + (12 - 14)
-3
3 + 1 - (-5 - -8)
1
Calculate 7 + (-4 - (4 - 8)) - 3.
4
Calculate -5 - ((-5 - -4) + 4 + -1).
-7
Calculate (-6 - 2) + (2 - 3 - -5).
-4
(-9 - -15 - -1) + -8
-1
What is the value of (-5 - -6) + (0 - 0 - 2)?
-1
7 + -4 + (-1 - -4)
6
Evaluate -3 + (4 - 5) + (-13 - -17).
0
What is -4 + 6 + 1 - (3 + 6)?
-6
-48 + 52 + -1 + -6
-3
What is the value of -2 + -2 + (5 - 1)?
0
What is (2 - 10) + -2 + 2 - -2?
-6
Calculate -2 - -4 - (2 - (2 - -1)).
3
What is -5 - (-1 - (-3 - -3))?
-4
What is -3 + 5 + (-13 - -17)?
6
What is 6 + (-2 - -3) + -12 + 8?
3
Calculate -1 - 6 - ((-6 - -2) + 1).
-4
What is the value of -4 + (-1 - (-15 + 6) - 5)?
-1
What is the value of (-2 - (0 - -18 - 8)) + 7?
-5
What is the value of 5 - -1 - (3 + 2)?
1
Calculate -1 + 6 + -6 + 5 + -1.
3
Evaluate 2 + -23 + 14 + 4 + -1.
-4
What is 2 - (0 - (0 - 0))?
2
Calculate 0 - 2 - (-4 + 8 + -4).
-2
What is the value of 6 + -9 - -5 - (5 - 0)?
-3
-1 + -11 + (25 - 2)
11
1 + (0 - (3 - -1))
-3
(-3 - -1) + 8 - 9
-3
2 + -1 + 1 + 0
2
(5 - 10) + (-1 - (4 - 4))
-6
4 - (2 - ((-1 - 6) + 5))
0
Evaluate 1 + -4 + -4 + 19 + -13.
-1
Evaluate 1 - (0 + 3) - 3.
-5
What is -2 - (3 + -3 + 2 + -3)?
-1
0 + (-3 - -9 - (-7 + 7))
6
What is the value of -5 + ((1 - 1) + -3 - -4)?
-4
What is the value of -4 - ((-3 - (-4 - -2)) + -4)?
1
What is the value of 7 + 0 + -1 + -9 + 6?
3
What is the value of 16 + -4 + 0 + -3?
9
-1 + (-3 - (1 + 0))
-5
What is the value of (-3 + (6 - -4) - 0) + -5?
2
What is 34 + -37 - (-5 + 0)?
2
What is the value of (4 + (2 - -3) - 3) + -4?
2
What is -4 - (-2 + -1) - 2?
-3
Calculate 8 - (10 + (-5 - 2)).
5
What is the value of -1 - (4 + (-4 - 2) - -5)?
-4
-186 + 195 - (1 - -3)
5
What is -3 + 1 + -1 - 0 - 2?
-5
What is 5 + -2 + 3 + (-5 - -4)?
5
What is the value of -10 + (5 - -6) + -8?
-7
0 + -2 + (10 - -3)
11
What is the value of -11 - 1 - 3 - -7 - -6?
-2
Evaluate 14 - 23 - (-9 + -1).
1
Calculate 5 - (4 - 1) - 4.
-2
Calculate 7 + (2 - (0 - -1)) - 5.
3
What is the value of (-1 - (-2 - -15)) + 8?
-6
What is the value of 0 + 7 + (-102 - -97)?
2
Evaluate -1 + (-3 - 2 - -1).
-5
Calculate -14 + 6 + 12 - 6.
-2
What is -4 + (5 - (-4 + 8))?
-3
Calculate 8 - (-1 - -6) - (-3 + 13).
-7
Calculate (-3 + 3 - -3) + -1.
2
What is the value of -3 - ((-2 - 0) + -5)?
4
(-1 - 2) + (26 - 18)
5
Evaluate -10 + (-21 - -7) + 26.
2
Evaluate (2 + -7 - 0 - 0) + 2.
-3
Evaluate (5 - 4) + 6 + -3 + 2.
6
What is the value of -4 - (7 + -14 - 0)?
3
What is (18 - 4) + -30 + 14?
-2
What is the value of -1 - (-10 + 1 + -4 + 7)?
5
-1 - (5 - (-2 - -5))
-3
What is the value of (2 - -1) + (-2 + -6 - -5)?
0
Evaluate 1 + -4 - (-12 + -10 + 23).
-4
Calculate 8 + (5 - 7) + 0.
6
What is the value of (8 - (-6 + 8)) + -6 + 2?
2
Evaluate 1 + -1 + -5 + 3.
-2
Calculate 3 + -2 + (-3 - -1).
-1
What is the value of 40 - 46 - (-3 + 1 + 2)?
-6
What is (2 + 0 - 2) + 5?
5
What is the value of (4 + 2 - 8) + -1?
-3
What is -4 - -9 - (18 - 9)?
-4
What is 2 - 1 - (-5 + 8)?
-2
Evaluate 1 + -6 - (-2 + 1).
-4
What is (0 - -3) + (-51 - -46) - -1?
-1
Calculate -8 - (-17 - (-1 - (-2 - -2))).
8
1 + (6 - 0) + -16 + 13
4
2 + (-5 - -3) - (1 + -1)
0
What is (-3 - (1 - 3)) + 3 + -1?
1
What is 3 - 1 - (-4 + (5 - 0))?
1
-6 + 0 + 4 - -7
5
6 + -4 - (21 + -28)
9
Calculate (8 + -5 - (-1 + 0)) + -5.
-1
What is the value of 3 + (-4 - (-3 - 0)) + 2?
4
Calculate (3 - -4) + -18 + 3.
-8
-4 - -5 - (2 + -1 + 1)
-1
What is the value of -2 + 8 + (21 - 32)?
-5
What is 1 - (-1 - (-1 + -1)) - -3?
3
What is (-2 - -4 - (-5 + 9)) + 4?
2
Calculate 13 + 0 + 10 + -1 + -15.
7
What is the value of 5 - (2 + 3) - (0 + 3)?
-3
Evaluate (-1 - 6) + 3 + 0.
-4
What is (4 - -3) + -17 + 12 - 4?
-2
Calculate -5 + (14 - 1) - 4.
4
Evaluate (-13 - -10) + 5 + -1.
1
What is the value of 1 + 2 - (9 - 1)?
-5
What is -6 - (-1 + 4) - -14?
5
-2 + -20 + 14 + (3 - 1)
-6
What is the value of 10 + (-18 - -13) - 10?
-5
What is (-4 - 1) + -6 + 11?
0
Calculate -1 + -1 - 2 - (8 - 16).
4
Calculate -13 - (-10 + -6 + 0).
3
(1 - -1) + (0 - 0 - 5)
-3
Evaluate 0 - ((2 - 4) + -3).
5
Evaluate -29 - -29 - (0 - 1).
1
Calculate 2 + (7 - 12) + 7 + -5.
-1
-4 - (11 + -9) - 1
-7
4 - (8 - 3 - 1)
0
-24 - -26 - (3 + 2 - 1)
-2
Calculate -1 + (1 - -4) - (24 - 21).
1
Evaluate (-2 - -7) + 4 + -8.
1
Evaluate (-2 + 19 + -3 - 2) + -5.
7
-7 + 5 + (3 - 3) + -2
-4
What is 15 + -6 - (0 - (0 - 5))?
4
What is the value of 3 + (1 + -2 - (-7 + 6))?
3
Evaluate -5 - (-4 + 9) - -2.
-8
5 - (0 + 12 + -2)
-5
What is -3 - ((-1 - 2) + (3 - 1))?
-2
What is the value of 73 - 75 - (2 + -7)?
3
What is the value of (1 - 1) + (-4 - -6)?
2
Calculate -5 + 4 - (0 - -1).
-2
Calculate 2 + -7 - (3 - (1 + 6)).
-1
18 + 14 + -20 + 1 + -7
6
What is (7 - (20 - 9)) + 11?
7
-12 + -1 - (-96 - -87)
-4
What is the value of -5 - (3 + -8 - (14 + -7))?
7
What is (6 - (8 + -4 + 0)) + 1?
3
What is the value of (4 - (7 + (-4 - -4))) + 8?
5
Calculate 9 + -15 - ((-1 - 1) + 0).
-4
What is -3 + (1 + 1 - 1 - 1)?
-3
What is 3 - (-15 + 8 + 5)?
5
Calculate 9 - ((4 - -3 - 10) + 5).
7
What is -1 - -13 - (-17 - -26)?
3
What is 7 + -1 - ((2 - 2) + 2)?
4
What is the value of 35 + -37 + (1 - 0 - -6)?
5
Calculate 0 + 1 - (-12 + 6) - 1.
6
(3 - -1) + -2 - (4 + -4)
2
0 + 0 - -5 - (7 - 1)
-1
Calculate 1 + -1 - (-14 - -14).
0
What is the value of -2 - (-6 - -5 - 0 - -1)?
-2
Evaluate 8 + -1 - (-8 + 4 + 7).
4
Calculate 4 + -9 + 3 + -4.
-6
-47 - -42 - (-2 + 0)
-3
What is the value of 3 + -2 - -4 - (-2 + 5)?
2
What is the value of 2 + -13 - (-5 + 2)?
-8
Evaluate -4 + -4 + 1 + 1 + 1.
-5
What is -11 + 3 + 5 - -7?
4
Calculate 0 + (3 + -9 - -4).
-2
Evaluate (-1 - 2) + -6 + 11.
2
1 - (-1 + 2 - (0 + -3))
-3
Evaluate (0 - -1) + 13 + -16.
-2
Evaluate 1 + (4 - 10 - -7).
2
What is 3 - (-1 + 0 + 4 - 1)?
1
What is 7 + -3 + 6 + -8?
2
What is (-6 - -3) + -2 + 3?
-2
What is the value of -2 + -1 + 7 + (-3 - -2)?
3
(-1 - (-4 + 6 - 1)) + -1
-3
What is the value of -2 + 3 + 3 + 7 + -9?
2
What is the value of -3 + 4 + 1 + 0 + -1?
1
What is (-1 - -7) + 3 + -2?
7
Evaluate (-11 - -22 - 5) + -11.
-5
-5 + (3 - (-1 + -4))
3
What is -1 - ((4 - 4) + 2)?
-3
What is 1 - 0 - (0 + (5 - 9))?
5
1 + 2 + (-6 - 1)
-4
What is the value of -18 + 5 + 7 + (0 - -4)?
-2
Calculate 1 - 1 - (14 + -6 + -11).
3
(-2 + -1 - -5) + -1 - 5
-4
Evaluate -6 + 4 - (-9 + (7 - 2)).
2
What is the value of 3 + (-5 - 0) + -5 + 4?
-3
What is the value of 1 - (6 - 8) - 7 - 1?
-5
What is 2 + -1 - (5 - 3 - -2)?
-3
Evaluate (7 - 1) + 8 + -12.
2
Evaluate 17 + (-5 - 8) + 1.
5
What is the value of -2 + (5 - -2 - 0)?
5
Evaluate (-1 - 0) + -1 + -1.
-3
What is 4 + (7 - ((1 - 0) + 2))?
8
What is the value of 6 + (-2 - 12 - -3)?
-5
-2 - -1 - -6 - (-20 + 20)
5
What is the value of (1 - 1 - -2) + -6 + 9?
5
Evaluate (1 + -5 - 1) + 4.
-1
What is 6 - ((3 - -10) + -7) - -8?
8
Evaluate 3 - -2 - 8 - (-4 + 0).
1
Evaluate (0 - (0 + 3)) + (41 - 38).
0
What is -3 + -9 + 9 + -2?
-5
What is the value of 7 + (3 - (-1 - -4))?
7
What is -2 - (9 - (4 + 1))?
-6
0 + -1 - (3 + -11 + 3)
4
What is the value of (-5 - (-3 + -4)) + 0?
2
What is 7 + 70 + -71 + (-1 - -5)?
10
What is the value of (-3 + -5 - 0) + 6?
-2
What is 1 + -3 + -2 + -1?
-5
What is -5 - (-2 - -2) - (10 + -17)?
2
What is (-8 - -3) + -5 + 6?
-4
Evaluate -2 - (6 + (-3 - -2 - 3)).
-4
What is the value of (-3 - 0) + 2 + -2?
-3
Calculate -2 + 5 - (-4 + 5).
2
Calculate (14 + -3 - (-3 - -9)) + 3.
8
What is -1 + -2 + 1 + -4 + 5?
-1
(-2 - -3) + 4 - 1
4
Calculate -5 - (-10 + -18 - -13).
10
Calculate (-1 - 3) + (-1 + 4 - -1).
0
Evaluate 10 + (4 - 8) + 1 + -2.
5
4 + -16 - (-4 - (1 - 0))
-7
Calculate (7 - 2) + 3 - 11.
-3
Evaluate 3 + (9 - 4) + -4 - 2.
2
Calculate 0 - (1 + 8 + (7 - 17)).
1
Calculate (-9 - (-13 + 2)) + 3 + -5.
0
What is the value of 5 - (-5 - (4 + -9))?
5
Calculate 2 + 5 - (3 - -1).
3
Calculate 3 - (-1 + 3) - (17 + -20).
4
What is the value of 0 + 3 + -1 + -1?
1
Calculate 8 - 3 - (10 + -1).
-4
Evaluate (4 - 2) + (6 - 5) - 1.
2
What is the value of -2 + (0 - ((0 - -3) + 0))?
-5
What is -28 + 24 - (0 - 5)?
1
2 + 1 + (-1 - 0)
2
Evaluate (-25 - -7 - -18) + (1 - -5).
6
Evaluate -4 - (1 - (5 + 6)).
6
Calculate (124 - 144) + 1 + 13.
-6
What is the value of 3 - (2 - (8 - 